{"id":479,"date":"2018-02-22T14:59:40","date_gmt":"2018-02-22T14:59:40","guid":{"rendered":"http:\/\/www.codigovidrio.com\/code\/?page_id=479"},"modified":"2021-12-18T18:47:09","modified_gmt":"2021-12-18T23:47:09","slug":"por-que-codigo-vidrio","status":"publish","type":"page","link":"https:\/\/www.codigovidrio.com\/code\/por-que-codigo-vidrio\/","title":{"rendered":"por que codigo vidrio"},"content":{"rendered":"\t\t<div data-elementor-type=\"wp-post\" data-elementor-id=\"479\" class=\"elementor elementor-479\" data-elementor-post-type=\"page\">\n\t\t\t\t\t\t<section class=\"elementor-section elementor-top-section elementor-element elementor-element-a8f2caf elementor-section-boxed elementor-section-height-default elementor-section-height-default\" data-id=\"a8f2caf\" data-element_type=\"section\">\n\t\t\t\t\t\t<div class=\"elementor-container elementor-column-gap-default\">\n\t\t\t\t\t<div class=\"elementor-column elementor-col-100 elementor-top-column elementor-element elementor-element-496a15d\" data-id=\"496a15d\" data-element_type=\"column\">\n\t\t\t<div class=\"elementor-widget-wrap elementor-element-populated\">\n\t\t\t\t\t\t<div class=\"elementor-element elementor-element-4c089d6 elementor-widget elementor-widget-spacer\" data-id=\"4c089d6\" data-element_type=\"widget\" data-widget_type=\"spacer.default\">\n\t\t\t\t<div class=\"elementor-widget-container\">\n\t\t\t\t\t\t\t<div class=\"elementor-spacer\">\n\t\t\t<div class=\"elementor-spacer-inner\"><\/div>\n\t\t<\/div>\n\t\t\t\t\t\t<\/div>\n\t\t\t\t<\/div>\n\t\t\t\t<div class=\"elementor-element elementor-element-bb6a1fd elementor-widget elementor-widget-heading\" data-id=\"bb6a1fd\" data-element_type=\"widget\" data-widget_type=\"heading.default\">\n\t\t\t\t<div class=\"elementor-widget-container\">\n\t\t\t\t\t<h1 class=\"elementor-heading-title elementor-size-default\">C\u00f3digo Vidrio<\/h1>\t\t\t\t<\/div>\n\t\t\t\t<\/div>\n\t\t\t\t\t<\/div>\n\t\t<\/div>\n\t\t\t\t\t<\/div>\n\t\t<\/section>\n\t\t\t\t<section class=\"elementor-section elementor-top-section elementor-element elementor-element-966f1be elementor-section-boxed elementor-section-height-default elementor-section-height-default\" data-id=\"966f1be\" data-element_type=\"section\">\n\t\t\t\t\t\t<div class=\"elementor-container elementor-column-gap-default\">\n\t\t\t\t\t<div class=\"elementor-column elementor-col-100 elementor-top-column elementor-element elementor-element-7abf062\" data-id=\"7abf062\" data-element_type=\"column\">\n\t\t\t<div class=\"elementor-widget-wrap elementor-element-populated\">\n\t\t\t\t\t\t<div class=\"elementor-element elementor-element-2cbbf88 elementor-widget elementor-widget-text-editor\" data-id=\"2cbbf88\" data-element_type=\"widget\" data-widget_type=\"text-editor.default\">\n\t\t\t\t<div class=\"elementor-widget-container\">\n\t\t\t\t\t\t\t\t\t<p>C\u00f3digo Vidrio surge como el resultado de una b\u00fasqueda incesante de la verdad period\u00edstica, entendida como un proceso, o un viaje prolongado, muchas veces contradictorio. Inesperado.<\/p>\n<p>Esta traves\u00eda, que empieza con la publicaci\u00f3n de una historia a fondo -en diferentes formatos-, se va construyendo a lo largo del tiempo y perfila, a su vez, nuestro objetivo: conseguir la versi\u00f3n m\u00e1s pr\u00f3xima a la verdad. Un cuadro veros\u00edmil de la realidad y de los hechos.<\/p>\n<p>Aunque C\u00f3digo Vidrio es nativo-digital, es un heredero de los principios y valores trascendentales que han guiado a la prensa desde el siglo XIX: independencia, rigor y \u00e9tica, para reconstruir los hechos. Darles sentido.<\/p>\n<p>As\u00ed nace esta apuesta, al todo o nada, por proporcionar la sociedad informaci\u00f3n relevante, fiel y verificada. Imparcial. Necesaria para que los ciudadanos puedan ser libres, capaces de gobernarse por s\u00ed mismos. De ah\u00ed que nuestro segundo principio fundamental es la lealtad con nuestros lectores, con la comunidad, sus necesidades, vivencias y aspiraciones.<\/p>\n<p>Sin perder de vista a quienes nos debemos, no solo damos cuenta de los hechos sino que exigimos responsabilidades a quienes ostentan el poder, por cualquier acci\u00f3n u omisi\u00f3n que pudiera afectar a la sociedad. Ejercemos un control independiente, fiscalizador, como una tarea esencial para la democracia.<\/p>\n<p>La investigaci\u00f3n es nuestro m\u00e9todo. Pero el tratamiento de la informaci\u00f3n no es para nosotros solo un trabajo detectivesco; se orienta a un concepto m\u00e1s amplio. Optamos por un periodismo que da testimonio, que investiga los hechos y analiza ideas, con independencia, sin sesgo. Procuramos darles un sentido y significado a los acontecimientos, trazar escenarios de lo que se viene, es una alerta temprana para que las autoridades tomen decisiones, en bien de la comunidad. Buscamos escribir la historia desde el presente.<\/p>\n<p>Otro elemento central de nuestro trabajo es la disciplina de la verificaci\u00f3n. Velamos porque la informaci\u00f3n que generamos sea exhaustiva y proporcionada. Justa. No buscamos el golpe, sino el servicio. Al reportear en el campo dejamos la l\u00f3gica del periodista de escritorio. Buscamos la profundidad, el an\u00e1lisis, las causas y consecuencias de los hechos. La mirada de contexto.<\/p>\n<p>La \u00e9tica es otro de nuestros pilares. La informaci\u00f3n que publicamos se basa en documentos y testimonios obtenidos l\u00edcitamente. Como regla, no compramos informaci\u00f3n ni aceptamos condicionamientos ni injerencias de nadie en nuestra l\u00ednea editorial. No tenemos financistas ocultos.<\/p>\n<p>Este portal naci\u00f3 en 2018. Fue concebido y fundado por Arturo Torres y Mar\u00eda Bel\u00e9n Arroyo. Nuestra credibilidad se sustenta en una trayectoria de m\u00e1s de 25 a\u00f1os como periodistas en varios medios de comunicaci\u00f3n.<\/p>\n<p>M\u00e1s que un medio, C\u00f3digo Vidrio es una experiencia digital. Es una apuesta por la reinvenci\u00f3n diaria del periodismo, por la b\u00fasqueda incesante de nuevas narrativas, desenfadadas, sorprendentes, que nos acerquen m\u00e1s a los hijos de la sociedad digital.<br>Busca ser un laboratorio de periodismo, a tono con todas las posibilidades que brinda la autopista de la informaci\u00f3n.<\/p>\n<p>No somos un instrumento de grupos de poder pol\u00edtico, econ\u00f3mico o ambos. Nos jugamos por una agenda de transparencia en funci\u00f3n del inter\u00e9s p\u00fablico. Nos debemos a la comunidad. Ese es nuestro derrotero. &nbsp;<\/p>\n<p><\/p>\n<p style=\"margin: 0in 0in 0.25in; text-align: justify; background-image: initial; background-position: initial; background-size: initial; background-repeat: initial; background-attachment: initial; background-origin: initial; background-clip: initial;\"><span lang=\"ES-EC\" style=\"font-size: 13.0pt; font-family: 'Arial',sans-serif; letter-spacing: -.4pt; mso-ansi-language: ES-EC;\">. &nbsp;<\/span><\/p>\t\t\t\t\t\t\t\t<\/div>\n\t\t\t\t<\/div>\n\t\t\t\t\t<\/div>\n\t\t<\/div>\n\t\t\t\t\t<\/div>\n\t\t<\/section>\n\t\t\t\t<\/div>\n\t\t","protected":false},"excerpt":{"rendered":"<p>C\u00f3digo Vidrio C\u00f3digo Vidrio surge como el resultado de una b\u00fasqueda incesante de la verdad period\u00edstica, entendida como un proceso, o un viaje prolongado, muchas veces contradictorio. Inesperado. Esta traves\u00eda, que empieza con la publicaci\u00f3n de una historia a fondo -en diferentes formatos-, se va construyendo a lo largo del tiempo y perfila, a su &#8230; <a title=\"por que codigo vidrio\" class=\"read-more\" href=\"https:\/\/www.codigovidrio.com\/code\/por-que-codigo-vidrio\/\">leer m\u00e1s&#8230;<\/a><\/p>\n","protected":false},"author":1,"featured_media":0,"parent":0,"menu_order":2,"comment_status":"closed","ping_status":"closed","template":"","meta":{"generate_page_header":"","footnotes":""},"yoast_head":"<!-- This site is optimized with the Yoast SEO plugin v23.5 - https:\/\/yoast.com\/wordpress\/plugins\/seo\/ -->\n<title>por que codigo vidrio - C\u00f3digo Vidrio<\/title>\n<meta name=\"robots\" content=\"index, follow, max-snippet:-1, max-image-preview:large, max-video-preview:-1\" \/>\n<link rel=\"canonical\" href=\"https:\/\/www.codigovidrio.com\/code\/por-que-codigo-vidrio\/\" \/>\n<meta property=\"og:locale\" content=\"es_ES\" \/>\n<meta property=\"og:type\" content=\"article\" \/>\n<meta property=\"og:title\" content=\"por que codigo vidrio - C\u00f3digo Vidrio\" \/>\n<meta property=\"og:description\" content=\"C\u00f3digo Vidrio C\u00f3digo Vidrio surge como el resultado de una b\u00fasqueda incesante de la verdad period\u00edstica, entendida como un proceso, o un viaje prolongado, muchas veces contradictorio. Inesperado. Esta traves\u00eda, que empieza con la publicaci\u00f3n de una historia a fondo -en diferentes formatos-, se va construyendo a lo largo del tiempo y perfila, a su ... leer m\u00e1s...\" \/>\n<meta property=\"og:url\" content=\"https:\/\/www.codigovidrio.com\/code\/por-que-codigo-vidrio\/\" \/>\n<meta property=\"og:site_name\" content=\"C\u00f3digo Vidrio\" \/>\n<meta property=\"article:modified_time\" content=\"2021-12-18T23:47:09+00:00\" \/>\n<meta name=\"twitter:card\" content=\"summary_large_image\" \/>\n<meta name=\"twitter:label1\" content=\"Tiempo de lectura\" \/>\n\t<meta name=\"twitter:data1\" content=\"3 minutos\" \/>\n<script type=\"application\/ld+json\" class=\"yoast-schema-graph\">{\"@context\":\"https:\/\/schema.org\",\"@graph\":[{\"@type\":\"WebPage\",\"@id\":\"https:\/\/www.codigovidrio.com\/code\/por-que-codigo-vidrio\/\",\"url\":\"https:\/\/www.codigovidrio.com\/code\/por-que-codigo-vidrio\/\",\"name\":\"por que codigo vidrio - C\u00f3digo Vidrio\",\"isPartOf\":{\"@id\":\"https:\/\/www.codigovidrio.com\/code\/#website\"},\"datePublished\":\"2018-02-22T14:59:40+00:00\",\"dateModified\":\"2021-12-18T23:47:09+00:00\",\"breadcrumb\":{\"@id\":\"https:\/\/www.codigovidrio.com\/code\/por-que-codigo-vidrio\/#breadcrumb\"},\"inLanguage\":\"es\",\"potentialAction\":[{\"@type\":\"ReadAction\",\"target\":[\"https:\/\/www.codigovidrio.com\/code\/por-que-codigo-vidrio\/\"]}]},{\"@type\":\"BreadcrumbList\",\"@id\":\"https:\/\/www.codigovidrio.com\/code\/por-que-codigo-vidrio\/#breadcrumb\",\"itemListElement\":[{\"@type\":\"ListItem\",\"position\":1,\"name\":\"Portada\",\"item\":\"https:\/\/www.codigovidrio.com\/code\/\"},{\"@type\":\"ListItem\",\"position\":2,\"name\":\"por que codigo vidrio\"}]},{\"@type\":\"WebSite\",\"@id\":\"https:\/\/www.codigovidrio.com\/code\/#website\",\"url\":\"https:\/\/www.codigovidrio.com\/code\/\",\"name\":\"C\u00f3digo Vidrio\",\"description\":\"Transparentamos las historias ocultas\",\"publisher\":{\"@id\":\"https:\/\/www.codigovidrio.com\/code\/#organization\"},\"potentialAction\":[{\"@type\":\"SearchAction\",\"target\":{\"@type\":\"EntryPoint\",\"urlTemplate\":\"https:\/\/www.codigovidrio.com\/code\/?s={search_term_string}\"},\"query-input\":{\"@type\":\"PropertyValueSpecification\",\"valueRequired\":true,\"valueName\":\"search_term_string\"}}],\"inLanguage\":\"es\"},{\"@type\":\"Organization\",\"@id\":\"https:\/\/www.codigovidrio.com\/code\/#organization\",\"name\":\"C\u00f3digo Vidrio\",\"url\":\"https:\/\/www.codigovidrio.com\/code\/\",\"logo\":{\"@type\":\"ImageObject\",\"inLanguage\":\"es\",\"@id\":\"https:\/\/www.codigovidrio.com\/code\/#\/schema\/logo\/image\/\",\"url\":\"https:\/\/www.codigovidrio.com\/code\/wp-content\/uploads\/2022\/01\/logo-horiz-08.png\",\"contentUrl\":\"https:\/\/www.codigovidrio.com\/code\/wp-content\/uploads\/2022\/01\/logo-horiz-08.png\",\"width\":817,\"height\":294,\"caption\":\"C\u00f3digo Vidrio\"},\"image\":{\"@id\":\"https:\/\/www.codigovidrio.com\/code\/#\/schema\/logo\/image\/\"}}]}<\/script>\n<!-- \/ Yoast SEO plugin. -->","yoast_head_json":{"title":"por que codigo vidrio - C\u00f3digo Vidrio","robots":{"index":"index","follow":"follow","max-snippet":"max-snippet:-1","max-image-preview":"max-image-preview:large","max-video-preview":"max-video-preview:-1"},"canonical":"https:\/\/www.codigovidrio.com\/code\/por-que-codigo-vidrio\/","og_locale":"es_ES","og_type":"article","og_title":"por que codigo vidrio - C\u00f3digo Vidrio","og_description":"C\u00f3digo Vidrio C\u00f3digo Vidrio surge como el resultado de una b\u00fasqueda incesante de la verdad period\u00edstica, entendida como un proceso, o un viaje prolongado, muchas veces contradictorio. Inesperado. Esta traves\u00eda, que empieza con la publicaci\u00f3n de una historia a fondo -en diferentes formatos-, se va construyendo a lo largo del tiempo y perfila, a su ... leer m\u00e1s...","og_url":"https:\/\/www.codigovidrio.com\/code\/por-que-codigo-vidrio\/","og_site_name":"C\u00f3digo Vidrio","article_modified_time":"2021-12-18T23:47:09+00:00","twitter_card":"summary_large_image","twitter_misc":{"Tiempo de lectura":"3 minutos"},"schema":{"@context":"https:\/\/schema.org","@graph":[{"@type":"WebPage","@id":"https:\/\/www.codigovidrio.com\/code\/por-que-codigo-vidrio\/","url":"https:\/\/www.codigovidrio.com\/code\/por-que-codigo-vidrio\/","name":"por que codigo vidrio - C\u00f3digo Vidrio","isPartOf":{"@id":"https:\/\/www.codigovidrio.com\/code\/#website"},"datePublished":"2018-02-22T14:59:40+00:00","dateModified":"2021-12-18T23:47:09+00:00","breadcrumb":{"@id":"https:\/\/www.codigovidrio.com\/code\/por-que-codigo-vidrio\/#breadcrumb"},"inLanguage":"es","potentialAction":[{"@type":"ReadAction","target":["https:\/\/www.codigovidrio.com\/code\/por-que-codigo-vidrio\/"]}]},{"@type":"BreadcrumbList","@id":"https:\/\/www.codigovidrio.com\/code\/por-que-codigo-vidrio\/#breadcrumb","itemListElement":[{"@type":"ListItem","position":1,"name":"Portada","item":"https:\/\/www.codigovidrio.com\/code\/"},{"@type":"ListItem","position":2,"name":"por que codigo vidrio"}]},{"@type":"WebSite","@id":"https:\/\/www.codigovidrio.com\/code\/#website","url":"https:\/\/www.codigovidrio.com\/code\/","name":"C\u00f3digo Vidrio","description":"Transparentamos las historias ocultas","publisher":{"@id":"https:\/\/www.codigovidrio.com\/code\/#organization"},"potentialAction":[{"@type":"SearchAction","target":{"@type":"EntryPoint","urlTemplate":"https:\/\/www.codigovidrio.com\/code\/?s={search_term_string}"},"query-input":{"@type":"PropertyValueSpecification","valueRequired":true,"valueName":"search_term_string"}}],"inLanguage":"es"},{"@type":"Organization","@id":"https:\/\/www.codigovidrio.com\/code\/#organization","name":"C\u00f3digo Vidrio","url":"https:\/\/www.codigovidrio.com\/code\/","logo":{"@type":"ImageObject","inLanguage":"es","@id":"https:\/\/www.codigovidrio.com\/code\/#\/schema\/logo\/image\/","url":"https:\/\/www.codigovidrio.com\/code\/wp-content\/uploads\/2022\/01\/logo-horiz-08.png","contentUrl":"https:\/\/www.codigovidrio.com\/code\/wp-content\/uploads\/2022\/01\/logo-horiz-08.png","width":817,"height":294,"caption":"C\u00f3digo Vidrio"},"image":{"@id":"https:\/\/www.codigovidrio.com\/code\/#\/schema\/logo\/image\/"}}]}},"_links":{"self":[{"href":"https:\/\/www.codigovidrio.com\/code\/wp-json\/wp\/v2\/pages\/479"}],"collection":[{"href":"https:\/\/www.codigovidrio.com\/code\/wp-json\/wp\/v2\/pages"}],"about":[{"href":"https:\/\/www.codigovidrio.com\/code\/wp-json\/wp\/v2\/types\/page"}],"author":[{"embeddable":true,"href":"https:\/\/www.codigovidrio.com\/code\/wp-json\/wp\/v2\/users\/1"}],"replies":[{"embeddable":true,"href":"https:\/\/www.codigovidrio.com\/code\/wp-json\/wp\/v2\/comments?post=479"}],"version-history":[{"count":35,"href":"https:\/\/www.codigovidrio.com\/code\/wp-json\/wp\/v2\/pages\/479\/revisions"}],"predecessor-version":[{"id":6036,"href":"https:\/\/www.codigovidrio.com\/code\/wp-json\/wp\/v2\/pages\/479\/revisions\/6036"}],"wp:attachment":[{"href":"https:\/\/www.codigovidrio.com\/code\/wp-json\/wp\/v2\/media?parent=479"}],"curies":[{"name":"wp","href":"https:\/\/api.w.org\/{rel}","templated":true}]}}